 -1978 + 2068 - (1 + 60).
29
What is -25 + 1 + (179 - 160) + (1 - -11)?
7
Calculate 7 - -17 - 75 - (3 + (1 - 0)).
-55
What is the value of -2 + -91 - ((-59 - -34) + 0 + 27)?
-95
What is 9 + 0 - 0 - (79 - (-19 - -3) - 26)?
-60
What is the value of 132 + (-27 - (-14 - (-31 + 23)))?
111
54 - 1 - (-77 - (1 - 106))
25
-331 - -379 - (6 + (4 - 6))
44
What is 123 - 124 - (-31 + 0)?
30
What is the value of -99 + 1 - (-2092 + 2026)?
-32
What is the value of (14 - (4 + 0)) + 55 + (4 - 24)?
45
Evaluate (5 - -6 - (-70 + 58)) + -3 + 1 + 1.
22
Evaluate -14 - (-13 - -53) - -12.
-42
-1181 - -1213 - (-2 - (-7 + 6))
33
112 + -120 + -1 + 0 - (-46 + (-4 - -5))
36
21 + -4 - 9 - (13 + 2 + 8 + -5)
-10
Evaluate (2 - 0) + -11 + (-31 - 80 - -76).
-44
Calculate 70 + -57 - 48 - -66.
31
What is the value of (286 + 39 - 318) + -124 + 1?
-116
What is 12 - 2 - (2 - 2 - -1) - (11675 + -11647)?
-19
Calculate 102 + -225 + 111 + 66.
54
Evaluate -59 + -1 - (-1 - (-23 + 36) - (-2 + -16)).
-64
Evaluate 54 + (-150 - -148) + -18 + 1.
35
Calculate 11 + -1 + 148 + (-198 - -21).
-19
What is the value of -113 + 31 - (-42 - 150)?
110
2 - (1 + -11) - (-8617 - -8567)
62
(-46 - 15) + 89 + (-2 - (-4 + (2 - 1)))
29
What is the value of -23 - ((-25 - 0) + -5)?
7
What is the value of (96 + -3 - (-2 + 22)) + -20?
53
What is 33 + (-122 - -58 - -9)?
-22
70 + (6 + -3 + 4 + 9 - 1)
85
What is the value of (-376 - -235 - -127) + (2 + -2 - -57)?
43
Evaluate -72 - (-80 + 110 + 34).
-136
What is 15 - (-21 - (73 + -75))?
34
3 + (-16 - 0) - (-19 + (-12 - -23))
-5
24 + -20 + ((7 - -1) + -7 - (47 - -2))
-44
-33 - (2 + -30 + -1 + (30 - 11))
-23
-17 + -12 + (3 - 38) - (0 - (4 + -3))
-63
Calculate (-1 - 16 - -15) + (-2 - 6) - -8.
-2
1635 - 1641 - (-46 + 1 + -1)
40
(-356 - -402) + -15 + 3 + (-8 - -5)
31
What is the value of -26 - -17 - (-8 + (6 - (-17 - -4)))?
-20
What is the value of (0 - -6 - 8 - -8) + (0 - (51 - -5))?
-50
What is the value of -2 + 8 + -13 + 32 + -20 + 7 + 3?
15
Evaluate 9 + -49 + -368 + 379 + (-7 + 1 - 1).
-36
What is the value of 146 - 153 - (3 - 2 - -15)?
-23
What is the value of -20 + -18 + 21 + -70 + 27 + -9?
-69
What is the value of 4704 - 4712 - ((75 - -1) + 3)?
-87
What is 37 - -2 - (-773 - -857)?
-45
Calculate 0 + -58 - (121 - (-1 - -146)).
-34
79 + 100 - 196 - (0 - 36)
19
19 - (59 + (-40 - -118))
-118
(62 - 78) + (39 - 4)
19
Calculate -31 - ((-6 - -8) + (17 - 16 - -4)).
-38
(20 + -26 - 23) + -1 + (10 - 4)
-24
What is -11 - -2 - (-2174 - -2127)?
38
Evaluate 1 - 80 - (-35947 - -35961).
-93
15 + -42 + 40 + (-29 - -60)
44
-16 - -1 - ((13 - 4 - 11) + 12 + -4)
-21
Calculate 36 - ((-8 - (49 + -26)) + 181).
-114
What is the value of 34 + 12 + -14 + 17 + -8?
41
Calculate (-6 - (-3 - -6)) + -29 + 26 + 10 + -19.
-21
-105 + (-2 - -51) + 71
15
Calculate -29 + (7 + 79 - 58).
-1
Evaluate -2 + 118 - (14365 + -14380).
131
-28 - (4 - (41 + -21)) - (0 - 20)
8
Evaluate -74 - (-29 + 109 - 121).
-33
What is -9 - 125 - (-14 + 2 + (6 - -4))?
-132
What is 14 + (60 + -24 + 17 - -1)?
68
What is the value of (59 - 23) + 65 + 8 - 37?
72
Evaluate 32 + (16 + -47 - (-45 + 52)).
-6
Calculate (-1 - 6) + -10 + (11 - 0).
-6
(660 - 730 - (-2 + 43)) + -21
-132
Calculate 39 + (19 - 13) - (-272 + 246).
71
0 + -16 + (7 - -151 - 63)
79
What is the value of 43 - 40 - (15 - -27)?
-39
Evaluate (-52 + 31 - 54 - 33) + -2 + 12.
-98
What is the value of 62 + 22 + -108 - (-4 - 2)?
-18
Evaluate -93 - -1 - (3270 + -3278).
-84
What is -3 - 5 - -11 - (12 - (12 - 38 - 17))?
-52
What is (-49 + 28 - -97) + -8 + (-4 - -2)?
66
Calculate 3 + (-13 - (1 + -2)) + (98 - 94) - 7.
-12
Calculate -35 - (10 + -30) - -25.
10
Evaluate (-41 - -35) + -9 + 25.
10
Evaluate (24 + -16 - (23 + 10)) + 17.
-8
Calculate -1 + 2 + (1863 - 1879).
-15
Evaluate (-3 - 5 - -9) + 28 + (-3 + 19 - 24).
21
What is the value of (-3 - -27 - 6) + (-2 - 15)?
1
What is the value of -115 + (-64 - -74) - -168?
63
What is the value of -29 + -1 + (23 - (16 + 3 + (13 - 8)))?
-31
What is -54 + 71 - (-8 - 1) - -10?
36
1429 + -1419 + (-1 + -7 - -1) - 32
-29
Calculate -16 + -35 + -16 + 9 + -61.
-119
What is 10 - (-104 + 70 - -63)?
-19
What is 43 - (21 + 8 - -132)?
-118
What is 14 + 26 + -9 + -55 + -47?
-71
Calculate 2 - 198 - (-1 - 115).
-80
What is the value of (-1 - 29 - (14 + -20)) + 14 - (21 - 0)?
-31
Evaluate -4 + (-4 - (-10 - -6)) - (85 + (-3 - 5)).
-81
What is the value of -1 + 21 + -37 + 16?
-1
Evaluate -7399 + 7380 - (-13 - -1).
-7
-47 - (27 - (262 - (25 + 18)))
145
Evaluate 120 - (-2 + 1 - (348 + -372) - 9 - 2).
108
-56 + (26 - -8) + 48 - (-4 - 0)
30
What is the value of (-3 - -13) + -3 - ((-24 - (12 + 24)) + 22)?
45
What is (-881 - -911) + (6 + 1 + -2 - -3)?
38
(-3 - (-91 + -9)) + -728 + 683
52
What is the value of 17 + 0 + (-200 - (-159 - -27))?
-51
What is the value of -17 + -15 + 49 + -17 + -2?
-2
What is the value of -127 - -41 - -24 - -57?
-5
What is the value of (-30 + 19 - -3) + -43 - -13?
-38
What is -5631 + 5639 + -2 + (-112 - 3) + 1?
-108
What is the value of (11 - (9 + -15 + 8)) + -52 - -9?
-34
Calculate 658 + -623 + (-3 - 20).
12
What is the value of -286 - (-138 + 9) - -247?
90
Evaluate 19 + (-10 - (-13 + 7)) + 8 + -2.
21
Calculate 15 + (-2 - -12 - 26 - -11) + -5.
5
What is the value of 3 + 3 + (1 - -12 - (133 - 74))?
-40
What is (3 - 5 - -4 - 25) + (-322 - -325)?
-20
What is the value of (2 + -22 - -2) + (-407 - -414) - (-2 - -86)?
-95
(-79 - (-16 + -58) - 37) + (1 + -4 - 0)
-45
6 - (-61 + (0 - 6) - (4 - 1 - 15))
61
What is the value of -7 + (-11 - (53 - 14)) + 2 + 7?
-48
What is 77 + -7 + 9 + (9 - ((6 - -5) + -3))?
80
What is the value of -1392 + 1420 + (3 - 1) + 33?
63
Evaluate (9 - 21) + (0 - (-4 + -3)) - 3 - 24.
-32
What is -133 + 102 + 24 + (-28 - (5 - (3 + 1)))?
-36
What is the value of (0 + -7 - 0 - (495 + -497)) + 58?
53
What is the value of -61 + 28 + 21 - (31 - (7 + -9))?
-45
3 + (1 - 2) + 33 - (-15 + -22 + 44)
28
What is the value of (-15 + 8 - -21) + -8 + 18 - -13?
37
What is 42 - 44 - 31 - -8?
-25
Evaluate (15 - -4) + (36 - 59) + -4.
-8
What is (15 + 37 + -17 - 21) + 17?
31
Calculate -67 + 35 + (-8 - -37) + -11.
-14
Evaluate 139 + (82 + -129 - -5).
97
Evaluate -27 + -1 + (22 - 0) + -16.
-22
58 - (-8 - (1 - -2) - (12 - 12 - 23))
46
What is the value of (173 - 266) + 114 + (-1 - -48)?
68
-21 + (16 - (-15 - 8)) - -10
28
Evaluate (1 - 8) + (120 - (129 + -31)).
15
What is 19 - -2 - (978 + -955 - (-21 + 1))?
-22
What is (-8 - 10 - -14) + -14?
-18
What is the value of (-33 - -19) + -8 - (-10 - 53)?
41
What is 5 - (15 - (1 - -9)) - -84 - (18 - 5)?
71
Calculate (-1 - (29 + -4) - -20) + -60.
-66
3 + -64 + (-24 - -30)
-55
What is (-38 + 9 - 6) + (1 + -17 - (29 - 38))?
-42
What is 1 + 0 + (-2 - (7 + -11) - (14 + 38))?
-49
Calculate -20232 + 20206 - (0 - -2 - 80).
52
112 - 48 - (-6 - (6 - ((6 - -13) + -5)))
62
What is -1 - (-421 + 417 + (-1 - -3 - (0 - 47)))?
-46
-1 + (-14 - 15) + 15
-15
10 + (21 - 4) + -8 - 19 - -13
13
(3 - -7) + -17 + 4 + 63 - -2
62
(15 - (51 - -24)) + 52
-8
Evaluate -47 + (22 - (5 + 19 + 2)).
-51
Evaluate (-30 - (32 + -72) - (17 + 1)) + (15 - 0).
7
(-40 - (-86 + 0) - -1) + 77
124
-2 - (-2 + -5) - 2 - (-409 + (-397 - -727))
82
What is the value of -93 + (-13 - -85 - 0)?
-21
What is the value of 2 + 1 + (198 - 195 - (25 - 0)) + 8?
-11
11 - (13 + 6 + -7 - 0)
-1
9 - ((-3 - 4) + 13 - -39)
-36
Calculate -1 - (-4 - 19) - (-561 + 627).
-44
What is (-10 - 2) + -8 + (5 - -36)?
21
What is the value of -23 - 0 - (-70 + -18 + 81)?
-16
Calculate -43 + 89 - 61 - -40.
25
Evaluate (30 - (-55 - -148)) + 57.
-6
What is the value of (-1 - -2) + 1 - (-21 - 35 - -54)?
4
Calculate -16 + 4 + -33 - -8.
-37
What is 3 - (0 + 11 + -5) - -2 - 44?
-45
5 + -9 + (13 - 4) + 4 - -15
24
What is -42 + (118 - 164) + (-42 - 2)?
-132
Calculate 1 + (34 - (5 + 16 - -4)) - (107 + 0).
-97
What is the value of 34 + -8 + (3 + 36 - 4)?
61
Evaluate -34 + 59 - (-98 + -5 + 1) - -1.
128
Evaluate -3 + 4 - -5 - (-8 - (-29 - -28)).
13
What is the value of -26 + -6 - (-23 + (2 - -18))?
-29
What is the value of 255 + -72 + -60 - 235?
-112
What is 72 - 4 - (182 - 124)?
10
Calculate 1 + -13 + (8 + -33 + 71 - 27).
7
Evaluate 9 + 5 + -9 + -162 + 213.
56
Evaluate -9 + (6 + -7 - ((-6 - -11) + 5)).
-20
Calculate -16 + -52 + 25 + 21.
-22
Evaluate 42 + -17 + (-19 - -9) - (1 + -138) - 5.
147
Calculate 13